mmon divisor of 10840 and 488?
8
Calculate the greatest common factor of 4489837 and 56727.
2101
Calculate the highest common divisor of 16 and 2268148688.
16
What is the highest common factor of 262 and 22290436?
262
Calculate the greatest common divisor of 152545272 and 21406.
3058
Calculate the highest common divisor of 26 and 677422.
2
Calculate the greatest common divisor of 522 and 29653312.
58
Calculate the greatest common divisor of 12 and 85961412.
12
Calculate the highest common factor of 1428 and 102353838.
102
Calculate the greatest common factor of 16359 and 7342608.
861
Calculate the highest common divisor of 15052672 and 184.
184
Calculate the greatest common divisor of 816012 and 3420.
684
Calculate the greatest common divisor of 1276 and 5870934.
58
Calculate the highest common factor of 56043637 and 355.
71
What is the greatest common factor of 132496 and 16?
16
What is the highest common factor of 7676848 and 1840?
368
Calculate the greatest common factor of 46620 and 111384.
252
Calculate the highest common factor of 149439 and 2038677.
1371
Calculate the highest common factor of 875016 and 25968.
24
What is the greatest common divisor of 88 and 23812?
4
What is the highest common factor of 2430 and 6496470?
270
Calculate the greatest common factor of 19282 and 1860402.
622
What is the greatest common factor of 2822 and 128384566?
166
Calculate the greatest common factor of 12896 and 11764064.
416
What is the highest common factor of 373673 and 633499?
277
What is the greatest common divisor of 7903940 and 1265?
55
Calculate the greatest common divisor of 31428761 and 10829.
91
Calculate the highest common divisor of 53579 and 267077.
409
Calculate the greatest common divisor of 95309 and 15968.
499
What is the highest common factor of 636 and 662352?
12
What is the highest common factor of 1124016 and 4656?
48
What is the highest common divisor of 302973065 and 85?
85
Calculate the greatest common factor of 553 and 837046.
7
What is the greatest common divisor of 963914 and 23436?
434
Calculate the greatest common divisor of 506957 and 8653.
17
Calculate the highest common factor of 545140 and 5418905.
485
What is the highest common factor of 138346952 and 1088?
136
Calculate the highest common divisor of 43029 and 11412247.
4781
Calculate the highest common factor of 1994 and 10972982.
1994
Calculate the greatest common divisor of 320898 and 31013370.
4062
What is the greatest common factor of 15 and 44994927?
3
What is the highest common divisor of 1260 and 4059060?
60
What is the greatest common divisor of 397460 and 490?
70
Calculate the highest common factor of 99760 and 7417156.
4988
What is the highest common factor of 88026372 and 1218?
42
What is the highest common factor of 408 and 6647799?
51
What is the highest common divisor of 7757810 and 64640?
1010
What is the highest common divisor of 5360 and 8526688?
1072
Calculate the highest common divisor of 1395 and 2780370.
45
Calculate the highest common divisor of 2264 and 6400.
8
Calculate the highest common divisor of 512 and 2390272.
256
What is the greatest common factor of 26154942 and 22?
22
What is the greatest common factor of 1044085654 and 1374?
458
Calculate the highest common divisor of 10856 and 76774.
46
What is the greatest common factor of 7148448 and 108?
36
Calculate the greatest common divisor of 20592 and 50140233.
1287
What is the highest common divisor of 18004 and 464872282?
9002
Calculate the highest common divisor of 83971695 and 6093.
2031
Calculate the greatest common factor of 4345 and 2755599.
869
What is the highest common divisor of 520192944 and 252?
36
Calculate the highest common divisor of 26825 and 7595767.
1073
What is the highest common factor of 16403 and 2739583?
47
What is the greatest common divisor of 154203349 and 4243?
4243
What is the greatest common divisor of 1258 and 4352?
34
What is the greatest common divisor of 187261 and 467807?
691
Calculate the highest common divisor of 43220725 and 95.
95
What is the highest common factor of 354119 and 23461?
29
What is the highest common divisor of 618490154 and 13089?
4363
Calculate the highest common divisor of 2321518 and 31772.
94
What is the greatest common factor of 31097871 and 126?
63
What is the highest common divisor of 4944 and 44715081?
309
What is the greatest common divisor of 11187683 and 1426?
713
Calculate the highest common divisor of 905471772 and 316.
316
Calculate the highest common divisor of 32807 and 41234.
53
What is the greatest common factor of 42568 and 79832?
136
What is the greatest common factor of 2298 and 43590762?
2298
Calculate the highest common divisor of 269104531 and 23.
23
What is the highest common factor of 141 and 616434?
3
Calculate the highest common divisor of 454766 and 5278.
26
Calculate the greatest common divisor of 45397 and 315359.
11
Calculate the greatest common factor of 642957 and 9996.
357
Calculate the highest common factor of 116 and 4025332.
4
Calculate the greatest common divisor of 17951644 and 316.
316
What is the greatest common factor of 1840 and 1495805?
115
Calculate the highest common factor of 1181600 and 7453600.
5600
What is the highest common divisor of 5 and 418712435?
5
What is the highest common divisor of 14008 and 86156?
68
Calculate the highest common factor of 2599 and 4794703.
113
What is the greatest common divisor of 202608 and 78993?
603
What is the greatest common factor of 81 and 3790854?
27
What is the highest common factor of 350 and 595899360?
70
What is the greatest common factor of 9 and 29217672?
9
What is the highest common divisor of 7342 and 6?
2
What is the highest common divisor of 3616004 and 4940?
76
Calculate the greatest common divisor of 17264 and 172016.
208
Calculate the greatest common factor of 456 and 4278240.
24
What is the highest common divisor of 606372 and 11868?
276
What is the greatest common factor of 16521 and 813?
3
What is the greatest common factor of 18685 and 58580?
505
Calculate the greatest common factor of 31527845 and 265.
265
Calculate the greatest common factor of 26152721 and 697319.
6517
What is the highest common divisor of 203654 and 61438709?
9257
Calculate the greatest common divisor of 306 and 360505638.
306
Calculate the highest common factor of 8138 and 163696.
26
What is the highest common factor of 517 and 228161923?
517
Calculate the highest common factor of 264074 and 189312.
58
Calculate the highest common divisor of 13529331 and 306.
153
What is the greatest common factor of 59544 and 149?
1
What is the greatest common factor of 14308 and 2845528?
196
Calculate the greatest common factor of 72 and 9180144.
72
What is the highest common divisor of 43956 and 5886?
54
What is the greatest common divisor of 884 and 2216279?
13
What is the greatest common factor of 418301 and 104?
13
What is the highest common factor of 8435 and 4793320?
35
Calculate the highest common divisor of 2950471 and 14512.
907
Calculate the greatest common divisor of 1103 and 253876407.
1103
Calculate the highest common divisor of 41916 and 362964.
84
Calculate the greatest common factor of 42326637 and 386.
193
Calculate the greatest common factor of 992 and 2384032.
32
Calculate the greatest common divisor of 7278 and 1324788867.
3639
What is the highest common divisor of 87 and 6930618?
3
What is the greatest common divisor of 316 and 2179610?
158
Calculate the highest common factor of 288 and 4513104.
144
What is the greatest common divisor of 540 and 143910324?
108
What is the highest common factor of 31232 and 156404?
244
Calculate the highest common factor of 1512 and 4921128.
216
Calculate the greatest common factor of 2788 and 11301076.
164
Calculate the greatest common divisor of 2348 and 73288711.
587
Calculate the highest common factor of 1042884 and 6228.
36
Calculate the highest common divisor of 2827784 and 92.
4
What is the highest common factor of 12328 and 2156250?
46
What is the highest common divisor of 2519748 and 1617?
231
What is the highest common factor of 2165 and 417892630?
2165
Calculate the greatest common factor of 307726 and 60687.
613
Calculate the highest common factor of 174 and 14122246.
58
Calculate the highest common divisor